[INFO] cloning repository https://github.com/gufoe/rust-fluid
[INFO] running `Command { std: "git" "-c" "credential.helper=" "-c" "credential.helper=/workspace/cargo-home/bin/git-credential-null" "clone" "--bare" "https://github.com/gufoe/rust-fluid" "/workspace/cache/git-repos/https%3A%2F%2Fgithub.com%2Fgufoe%2Frust-fluid", kill_on_drop: false }`
[INFO] [stderr] Cloning into bare repository '/workspace/cache/git-repos/https%3A%2F%2Fgithub.com%2Fgufoe%2Frust-fluid'...
[INFO] running `Command { std: "git" "rev-parse" "HEAD", kill_on_drop: false }`
[INFO] [stdout] 5dc34cb68a6dc030fae6791fd641ad9e48feaf3b
[INFO] checking gufoe/rust-fluid against master#cfbc6d4cf1acbac5c025acf8ed68929caa551df3 for pr-75494-beta
[INFO] running `Command { std: "git" "clone" "/workspace/cache/git-repos/https%3A%2F%2Fgithub.com%2Fgufoe%2Frust-fluid" "/workspace/builds/worker-4/source", kill_on_drop: false }`
[INFO] [stderr] Cloning into '/workspace/builds/worker-4/source'...
[INFO] [stderr] done.
[INFO] validating manifest of git repo https://github.com/gufoe/rust-fluid on toolchain cfbc6d4cf1acbac5c025acf8ed68929caa551df3
[INFO] running `Command { std: "/workspace/cargo-home/bin/cargo" "+cfbc6d4cf1acbac5c025acf8ed68929caa551df3" "read-manifest" "--manifest-path" "Cargo.toml", kill_on_drop: false }`
[INFO] started tweaking git repo https://github.com/gufoe/rust-fluid
[INFO] finished tweaking git repo https://github.com/gufoe/rust-fluid
[INFO] tweaked toml for git repo https://github.com/gufoe/rust-fluid written to /workspace/builds/worker-4/source/Cargo.toml
[INFO] crate git repo https://github.com/gufoe/rust-fluid already has a lockfile, it will not be regenerated
[INFO] running `Command { std: "/workspace/cargo-home/bin/cargo" "+cfbc6d4cf1acbac5c025acf8ed68929caa551df3" "fetch" "--locked" "--manifest-path" "Cargo.toml", kill_on_drop: false }`
[INFO] [stderr]  Downloading crates ...
[INFO] [stderr]   Downloaded stdweb-internal-macros v0.2.8
[INFO] [stderr]   Downloaded ahash v0.2.16
[INFO] [stderr]   Downloaded arrayvec v0.5.0
[INFO] [stderr]   Downloaded hashbrown v0.6.1
[INFO] [stderr]   Downloaded stdweb v0.4.19
[INFO] [stderr]   Downloaded stdweb-derive v0.5.2
[INFO] [stderr]   Downloaded chashmap v2.2.2
[INFO] [stderr]   Downloaded generator v0.6.18
[INFO] running `Command { std: "docker" "create" "-v" "/var/lib/crater-agent-workspace/builds/worker-4/target:/opt/rustwide/target:rw,Z" "-v" "/var/lib/crater-agent-workspace/builds/worker-4/source:/opt/rustwide/workdir:ro,Z" "-v" "/var/lib/crater-agent-workspace/cargo-home:/opt/rustwide/cargo-home:ro,Z" "-v" "/var/lib/crater-agent-workspace/rustup-home:/opt/rustwide/rustup-home:ro,Z" "-e" "SOURCE_DIR=/opt/rustwide/workdir" "-e" "CARGO_TARGET_DIR=/opt/rustwide/target" "-e" "CARGO_HOME=/opt/rustwide/cargo-home" "-e" "RUSTUP_HOME=/opt/rustwide/rustup-home" "-w" "/opt/rustwide/workdir" "-m" "1610612736" "--user" "0:0" "--network" "none" "rustops/crates-build-env@sha256:a636fd89d022f18117e1dc8fb37a0a009933cdbbe082814857f0e2024962d47c" "/opt/rustwide/cargo-home/bin/cargo" "+cfbc6d4cf1acbac5c025acf8ed68929caa551df3" "metadata" "--no-deps" "--format-version=1", kill_on_drop: false }`
[INFO] [stdout] c4ad01b0e10e23953794b78b2b4a7f0ebbdfbc3a7758ff01e78dcb3022cc3ab7
[INFO] [stderr] WARNING: Your kernel does not support swap limit capabilities or the cgroup is not mounted. Memory limited without swap.
[INFO] running `Command { std: "docker" "start" "-a" "c4ad01b0e10e23953794b78b2b4a7f0ebbdfbc3a7758ff01e78dcb3022cc3ab7", kill_on_drop: false }`
[INFO] running `Command { std: "docker" "inspect" "c4ad01b0e10e23953794b78b2b4a7f0ebbdfbc3a7758ff01e78dcb3022cc3ab7", kill_on_drop: false }`
[INFO] running `Command { std: "docker" "rm" "-f" "c4ad01b0e10e23953794b78b2b4a7f0ebbdfbc3a7758ff01e78dcb3022cc3ab7", kill_on_drop: false }`
[INFO] [stdout] c4ad01b0e10e23953794b78b2b4a7f0ebbdfbc3a7758ff01e78dcb3022cc3ab7
[INFO] running `Command { std: "docker" "create" "-v" "/var/lib/crater-agent-workspace/builds/worker-4/target:/opt/rustwide/target:rw,Z" "-v" "/var/lib/crater-agent-workspace/builds/worker-4/source:/opt/rustwide/workdir:ro,Z" "-v" "/var/lib/crater-agent-workspace/cargo-home:/opt/rustwide/cargo-home:ro,Z" "-v" "/var/lib/crater-agent-workspace/rustup-home:/opt/rustwide/rustup-home:ro,Z" "-e" "SOURCE_DIR=/opt/rustwide/workdir" "-e" "CARGO_TARGET_DIR=/opt/rustwide/target" "-e" "CARGO_INCREMENTAL=0" "-e" "RUST_BACKTRACE=full" "-e" "RUSTFLAGS=--cap-lints=forbid" "-e" "CARGO_HOME=/opt/rustwide/cargo-home" "-e" "RUSTUP_HOME=/opt/rustwide/rustup-home" "-w" "/opt/rustwide/workdir" "-m" "1610612736" "--user" "0:0" "--network" "none" "rustops/crates-build-env@sha256:a636fd89d022f18117e1dc8fb37a0a009933cdbbe082814857f0e2024962d47c" "/opt/rustwide/cargo-home/bin/cargo" "+cfbc6d4cf1acbac5c025acf8ed68929caa551df3" "check" "--frozen" "--all" "--all-targets" "--message-format=json", kill_on_drop: false }`
[INFO] [stderr] WARNING: Your kernel does not support swap limit capabilities or the cgroup is not mounted. Memory limited without swap.
[INFO] [stdout] 36d96f9d942e1de4cd9126b099db61a972b0898391a4980bc890928428fc0a94
[INFO] running `Command { std: "docker" "start" "-a" "36d96f9d942e1de4cd9126b099db61a972b0898391a4980bc890928428fc0a94", kill_on_drop: false }`
[INFO] [stderr]    Compiling libc v0.2.62
[INFO] [stderr]    Compiling autocfg v0.1.6
[INFO] [stderr]     Checking cfg-if v0.1.10
[INFO] [stderr]    Compiling serde v1.0.101
[INFO] [stderr]    Compiling cc v1.0.45
[INFO] [stderr]    Compiling semver-parser v0.7.0
[INFO] [stderr]    Compiling proc-macro2 v0.4.30
[INFO] [stderr]    Compiling unicode-xid v0.1.0
[INFO] [stderr]    Compiling bitflags v1.2.0
[INFO] [stderr]    Compiling xml-rs v0.8.0
[INFO] [stderr]    Compiling arrayvec v0.4.11
[INFO] [stderr]     Checking nodrop v0.1.13
[INFO] [stderr]    Compiling syn v0.15.44
[INFO] [stderr]    Compiling pkg-config v0.3.16
[INFO] [stderr]    Compiling getrandom v0.1.12
[INFO] [stderr]    Compiling khronos_api v3.1.0
[INFO] [stderr]    Compiling proc-macro2 v1.0.4
[INFO] [stderr]    Compiling syn v1.0.5
[INFO] [stderr]     Checking rand_core v0.4.2
[INFO] [stderr]     Checking smallvec v0.6.10
[INFO] [stderr]     Checking arrayvec v0.5.0
[INFO] [stderr]    Compiling nix v0.14.1
[INFO] [stderr]    Compiling ryu v1.0.0
[INFO] [stderr]    Compiling version_check v0.1.5
[INFO] [stderr]    Compiling maybe-uninit v2.0.0
[INFO] [stderr]    Compiling rustc-demangle v0.1.16
[INFO] [stderr]     Checking downcast-rs v1.0.4
[INFO] [stderr]    Compiling lazy_static v1.4.0
[INFO] [stderr]    Compiling ppv-lite86 v0.2.5
[INFO] [stderr]    Compiling itoa v0.4.4
[INFO] [stderr]    Compiling libm v0.1.4
[INFO] [stderr]    Compiling pulldown-cmark v0.2.0
[INFO] [stderr]     Checking xdg v2.2.0
[INFO] [stderr]    Compiling num-derive v0.2.5
[INFO] [stderr]    Compiling nix v0.11.1
[INFO] [stderr]    Compiling same-file v1.0.5
[INFO] [stderr]    Compiling remove_dir_all v0.5.2
[INFO] [stderr]     Checking xi-unicode v0.2.0
[INFO] [stderr]    Compiling bytecount v0.4.0
[INFO] [stderr]    Compiling glob v0.2.11
[INFO] [stderr]     Checking rawpointer v0.2.1
[INFO] [stderr]     Checking lzw v0.10.0
[INFO] [stderr]     Checking uuid v0.7.4
[INFO] [stderr]    Compiling rayon-core v1.6.0
[INFO] [stderr]     Checking color_quant v1.0.1
[INFO] [stderr]     Checking stable_deref_trait v1.1.1
[INFO] [stderr]     Checking vec_map v0.8.1
[INFO] [stderr]     Checking mint v0.5.3
[INFO] [stderr]     Checking podio v0.1.6
[INFO] [stderr]     Checking fnv v1.0.6
[INFO] [stderr]     Checking claxon v0.4.2
[INFO] [stderr]     Checking hound v3.4.0
[INFO] [stderr]     Checking either v1.5.3
[INFO] [stderr]     Checking crossbeam-utils v0.6.6
[INFO] [stderr]     Checking lock_api v0.3.1
[INFO] [stderr]     Checking rand_core v0.3.1
[INFO] [stderr]     Checking rand_jitter v0.1.4
[INFO] [stderr]     Checking c2-chacha v0.2.2
[INFO] [stderr]    Compiling num-traits v0.2.8
[INFO] [stderr]    Compiling num-integer v0.1.41
[INFO] [stderr]    Compiling num-complex v0.2.3
[INFO] [stderr]    Compiling rand_chacha v0.1.1
[INFO] [stderr]    Compiling num-rational v0.2.2
[INFO] [stderr]    Compiling rand_pcg v0.1.2
[INFO] [stderr]    Compiling rand v0.6.5
[INFO] [stderr]    Compiling num-iter v0.1.39
[INFO] [stderr]    Compiling hashbrown v0.6.1
[INFO] [stderr]     Checking inflate v0.4.5
[INFO] [stderr]    Compiling walkdir v2.2.9
[INFO] [stderr]     Checking matrixmultiply v0.2.3
[INFO] [stderr]    Compiling x11-dl v2.18.4
[INFO] [stderr]    Compiling alsa-sys v0.1.2
[INFO] [stderr]    Compiling libudev-sys v0.1.4
[INFO] [stderr]    Compiling error-chain v0.12.1
[INFO] [stderr]     Checking owning_ref v0.3.3
[INFO] [stderr]     Checking gif v0.10.3
[INFO] [stderr]    Compiling log v0.4.8
[INFO] [stderr]     Checking rand_xorshift v0.1.1
[INFO] [stderr]     Checking rand_isaac v0.1.1
[INFO] [stderr]     Checking rand_hc v0.1.0
[INFO] [stderr]     Checking crossbeam-queue v0.1.2
[INFO] [stderr]     Checking crc32fast v1.2.0
[INFO] [stderr]     Checking stb_truetype v0.3.0
[INFO] [stderr]     Checking rustc-hash v1.0.1
[INFO] [stderr]     Checking deflate v0.7.20
[INFO] [stderr]     Checking ogg v0.7.0
[INFO] [stderr]     Checking jpeg-decoder v0.1.16
[INFO] [stderr]     Checking draw_state v0.8.0
[INFO] [stderr]    Compiling libloading v0.5.2
[INFO] [stderr]    Compiling backtrace-sys v0.1.31
[INFO] [stderr]    Compiling bzip2-sys v0.1.7
[INFO] [stderr]    Compiling minimp3-sys v0.3.1
[INFO] [stderr]     Checking generic-array v0.12.3
[INFO] [stderr]    Compiling gl_generator v0.11.0
[INFO] [stderr]     Checking num_cpus v1.10.1
[INFO] [stderr]     Checking memmap v0.7.0
[INFO] [stderr]     Checking shared_library v0.1.9
[INFO] [stderr]     Checking rand_os v0.1.3
[INFO] [stderr]     Checking rand v0.4.6
[INFO] [stderr]     Checking slice-deque v0.2.4
[INFO] [stderr]     Checking dirs-sys v0.3.4
[INFO] [stderr]    Compiling quote v0.6.13
[INFO] [stderr]    Compiling quote v1.0.2
[INFO] [stderr]     Checking lewton v0.9.4
[INFO] [stderr]     Checking png v0.15.0
[INFO] [stderr]     Checking osmesa-sys v0.1.2
[INFO] [stderr]     Checking rand_core v0.5.1
[INFO] [stderr]     Checking directories v2.0.2
[INFO] [stderr]    Compiling wayland-scanner v0.21.13
[INFO] [stderr]     Checking cpal v0.8.2
[INFO] [stderr]     Checking parking_lot_core v0.2.14
[INFO] [stderr]     Checking approx v0.3.2
[INFO] [stderr]     Checking ordered-float v1.0.2
[INFO] [stderr]     Checking line_drawing v0.7.0
[INFO] [stderr]     Checking num-traits v0.1.43
[INFO] [stderr]     Checking rand_chacha v0.2.1
[INFO] [stderr]    Compiling tempdir v0.3.7
[INFO] [stderr]     Checking dlib v0.4.1
[INFO] [stderr]    Compiling glutin_egl_sys v0.1.3
[INFO] [stderr]    Compiling gfx_gl v0.6.0
[INFO] [stderr]    Compiling glutin_glx_sys v0.1.5
[INFO] [stderr]     Checking parking_lot v0.4.8
[INFO] [stderr]     Checking sid v0.5.2
[INFO] [stderr]     Checking bzip2 v0.3.3
[INFO] [stderr]    Compiling backtrace v0.3.38
[INFO] [stderr]     Checking rand v0.7.2
[INFO] [stderr]     Checking minimp3 v0.3.3
[INFO] [stderr]     Checking wayland-sys v0.21.13
[INFO] [stderr]     Checking chashmap v2.2.2
[INFO] [stderr]     Checking alga v0.9.1
[INFO] [stderr]     Checking zip v0.5.3
[INFO] [stderr]     Checking twox-hash v1.5.0
[INFO] [stderr]    Compiling wayland-client v0.21.13
[INFO] [stderr]    Compiling wayland-protocols v0.21.13
[INFO] [stderr]     Checking toml v0.5.3
[INFO] [stderr]     Checking wayland-commons v0.21.13
[INFO] [stderr]     Checking gilrs-core v0.2.4
[INFO] [stderr]     Checking nalgebra v0.18.1
[INFO] [stderr]     Checking gilrs v0.7.2
[INFO] [stderr]    Compiling semver v0.9.0
[INFO] [stderr]    Compiling serde_json v1.0.40
[INFO] [stderr]    Compiling rustc_version v0.2.3
[INFO] [stderr]    Compiling memoffset v0.5.1
[INFO] [stderr]    Compiling parking_lot_core v0.6.2
[INFO] [stderr]    Compiling parking_lot v0.9.0
[INFO] [stderr]    Compiling generator v0.6.18
[INFO] [stderr]     Checking crossbeam-epoch v0.7.2
[INFO] [stderr]     Checking crossbeam-deque v0.7.1
[INFO] [stderr]     Checking rusttype v0.8.1
[INFO] [stderr]     Checking rusttype v0.7.9
[INFO] [stderr]     Checking glyph_brush_layout v0.1.8
[INFO] [stderr]     Checking andrew v0.2.1
[INFO] [stderr]     Checking rayon v1.2.0
[INFO] [stderr]     Checking glyph_brush v0.6.0
[INFO] [stderr]    Compiling serde_derive v1.0.101
[INFO] [stderr]    Compiling proc-macro-hack v0.5.10
[INFO] [stderr]     Checking glyph_brush v0.5.4
[INFO] [stderr]    Compiling const-random-macro v0.1.6
[INFO] [stderr]     Checking const-random v0.1.6
[INFO] [stderr]     Checking ahash v0.2.16
[INFO] [stderr]    Compiling euclid_macros v0.1.0
[INFO] [stderr]    Compiling derivative v1.0.3
[INFO] [stderr]    Compiling smart-default v0.5.2
[INFO] [stderr]     Checking smithay-client-toolkit v0.4.6
[INFO] [stderr]     Checking euclid v0.19.9
[INFO] [stderr]     Checking winit v0.19.3
[INFO] [stderr]     Checking lyon_geom v0.12.7
[INFO] [stderr]     Checking tiff v0.3.1
[INFO] [stderr]     Checking gfx_core v0.9.1
[INFO] [stderr]     Checking image v0.22.2
[INFO] [stderr]    Compiling cargo_metadata v0.6.4
[INFO] [stderr]     Checking lyon_path v0.13.2
[INFO] [stderr]     Checking lyon_algorithms v0.13.4
[INFO] [stderr]     Checking lyon_tessellation v0.13.5
[INFO] [stderr]     Checking glutin v0.20.1
[INFO] [stderr]    Compiling skeptic v0.13.4
[INFO] [stderr]     Checking lyon v0.13.5
[INFO] [stderr]    Compiling ggez v0.5.1
[INFO] [stderr]     Checking gfx_device_gl v0.16.2
[INFO] [stderr]     Checking gfx v0.18.1
[INFO] [stderr]     Checking gfx_window_glutin v0.30.0
[INFO] [stderr]     Checking rodio v0.9.0
[INFO] [stderr]     Checking game v0.1.0 (/opt/rustwide/workdir)
[INFO] [stdout] warning: unused import: `crate::utils`
[INFO] [stdout]  --> src/latex.rs:3:5
[INFO] [stdout]   |
[INFO] [stdout] 3 | use crate::utils;
[INFO] [stdout]   |     ^^^^^^^^^^^^
[INFO] [stdout]   |
[INFO] [stdout]   = note: `#[warn(unused_imports)]` on by default
[INFO] [stdout] 
[INFO] [stdout] 
[INFO] [stdout] warning: unused import: `crate::utils`
[INFO] [stdout]  --> src/latex.rs:3:5
[INFO] [stdout]   |
[INFO] [stdout] 3 | use crate::utils;
[INFO] [stdout]   |     ^^^^^^^^^^^^
[INFO] [stdout]   |
[INFO] [stdout]   = note: `#[warn(unused_imports)]` on by default
[INFO] [stdout] 
[INFO] [stdout] 
[INFO] [stdout] warning: unused variable: `max_range`
[INFO] [stdout]    --> src/ag.rs:249:17
[INFO] [stdout]     |
[INFO] [stdout] 249 |                 max_range: f32) {
[INFO] [stdout]     |                 ^^^^^^^^^ help: if this is intentional, prefix it with an underscore: `_max_range`
[INFO] [stdout]     |
[INFO] [stdout]     = note: `#[warn(unused_variables)]` on by default
[INFO] [stdout] 
[INFO] [stdout] 
[INFO] [stdout] warning: associated function is never used: `red`
[INFO] [stdout]   --> src/ag.rs:64:8
[INFO] [stdout]    |
[INFO] [stdout] 64 |     fn red (&self) -> f32 {
[INFO] [stdout]    |        ^^^
[INFO] [stdout]    |
[INFO] [stdout]    = note: `#[warn(dead_code)]` on by default
[INFO] [stdout] 
[INFO] [stdout] 
[INFO] [stdout] warning: associated function is never used: `green`
[INFO] [stdout]   --> src/ag.rs:68:8
[INFO] [stdout]    |
[INFO] [stdout] 68 |     fn green (&self) -> f32 {
[INFO] [stdout]    |        ^^^^^
[INFO] [stdout] 
[INFO] [stdout] 
[INFO] [stdout] warning: associated function is never used: `blue`
[INFO] [stdout]   --> src/ag.rs:72:8
[INFO] [stdout]    |
[INFO] [stdout] 72 |     fn blue (&self) -> f32 {
[INFO] [stdout]    |        ^^^^
[INFO] [stdout] 
[INFO] [stdout] 
[INFO] [stdout] warning: associated function is never used: `white`
[INFO] [stdout]   --> src/ag.rs:76:8
[INFO] [stdout]    |
[INFO] [stdout] 76 |     fn white (&self) -> f32 {
[INFO] [stdout]    |        ^^^^^
[INFO] [stdout] 
[INFO] [stdout] 
[INFO] [stdout] warning: function is never used: `vavg`
[INFO] [stdout]   --> src/utils.rs:73:8
[INFO] [stdout]    |
[INFO] [stdout] 73 | pub fn vavg(a: &mut [f32], b: &[f32], x: f32) {
[INFO] [stdout]    |        ^^^^
[INFO] [stdout] 
[INFO] [stdout] 
[INFO] [stdout] warning: function is never used: `softmax`
[INFO] [stdout]   --> src/utils.rs:91:8
[INFO] [stdout]    |
[INFO] [stdout] 91 | pub fn softmax(v: &mut [f32]) {
[INFO] [stdout]    |        ^^^^^^^
[INFO] [stdout] 
[INFO] [stdout] 
[INFO] [stdout] warning: function is never used: `norm_2`
[INFO] [stdout]    --> src/utils.rs:125:8
[INFO] [stdout]     |
[INFO] [stdout] 125 | pub fn norm_2(v: &mut [f32]) {
[INFO] [stdout]     |        ^^^^^^
[INFO] [stdout] 
[INFO] [stdout] 
[INFO] [stdout] warning: 9 warnings emitted
[INFO] [stdout] 
[INFO] [stdout] 
[INFO] [stdout] error[E0277]: can't compare `&{integer}` with `{integer}`
[INFO] [stdout]    --> src/main.rs:545:40
[INFO] [stdout]     |
[INFO] [stdout] 545 |     assert!(latex.get((0.0, 0.0), 2.0) == vec![1]);
[INFO] [stdout]     |                                        ^^ no implementation for `&{integer} == {integer}`
[INFO] [stdout]     |
[INFO] [stdout]     = help: the trait `std::cmp::PartialEq<{integer}>` is not implemented for `&{integer}`
[INFO] [stdout]     = note: required because of the requirements on the impl of `std::cmp::PartialEq<std::vec::Vec<{integer}>>` for `std::vec::Vec<&{integer}>`
[INFO] [stdout] 
[INFO] [stdout] 
[INFO] [stdout] error[E0277]: can't compare `&{integer}` with `{integer}`
[INFO] [stdout]    --> src/main.rs:546:41
[INFO] [stdout]     |
[INFO] [stdout] 546 |     assert!(latex.get((0.0, 0.0), 10.0) == vec![1]);
[INFO] [stdout]     |                                         ^^ no implementation for `&{integer} == {integer}`
[INFO] [stdout]     |
[INFO] [stdout]     = help: the trait `std::cmp::PartialEq<{integer}>` is not implemented for `&{integer}`
[INFO] [stdout]     = note: required because of the requirements on the impl of `std::cmp::PartialEq<std::vec::Vec<{integer}>>` for `std::vec::Vec<&{integer}>`
[INFO] [stdout] 
[INFO] [stdout] 
[INFO] [stdout] error[E0277]: can't compare `&{integer}` with `{integer}`
[INFO] [stdout]    --> src/main.rs:547:41
[INFO] [stdout]     |
[INFO] [stdout] 547 |     assert!(latex.get((0.0, 0.0), 20.0) == vec![1]);
[INFO] [stdout]     |                                         ^^ no implementation for `&{integer} == {integer}`
[INFO] [stdout]     |
[INFO] [stdout]     = help: the trait `std::cmp::PartialEq<{integer}>` is not implemented for `&{integer}`
[INFO] [stdout]     = note: required because of the requirements on the impl of `std::cmp::PartialEq<std::vec::Vec<{integer}>>` for `std::vec::Vec<&{integer}>`
[INFO] [stdout] 
[INFO] [stdout] 
[INFO] [stdout] error[E0277]: can't compare `&{integer}` with `{integer}`
[INFO] [stdout]    --> src/main.rs:548:43
[INFO] [stdout]     |
[INFO] [stdout] 548 |     assert!(latex.get((0.0, 0.0), 1000.0) == vec![1]);
[INFO] [stdout]     |                                           ^^ no implementation for `&{integer} == {integer}`
[INFO] [stdout]     |
[INFO] [stdout]     = help: the trait `std::cmp::PartialEq<{integer}>` is not implemented for `&{integer}`
[INFO] [stdout]     = note: required because of the requirements on the impl of `std::cmp::PartialEq<std::vec::Vec<{integer}>>` for `std::vec::Vec<&{integer}>`
[INFO] [stdout] 
[INFO] [stdout] 
[INFO] [stdout] error[E0277]: can't compare `&{integer}` with `{integer}`
[INFO] [stdout]    --> src/main.rs:554:40
[INFO] [stdout]     |
[INFO] [stdout] 554 |     assert!(latex.get((0.0, 0.0), 2.0) == vec![1]);
[INFO] [stdout]     |                                        ^^ no implementation for `&{integer} == {integer}`
[INFO] [stdout]     |
[INFO] [stdout]     = help: the trait `std::cmp::PartialEq<{integer}>` is not implemented for `&{integer}`
[INFO] [stdout]     = note: required because of the requirements on the impl of `std::cmp::PartialEq<std::vec::Vec<{integer}>>` for `std::vec::Vec<&{integer}>`
[INFO] [stdout] 
[INFO] [stdout] 
[INFO] [stdout] error[E0277]: can't compare `&{integer}` with `{integer}`
[INFO] [stdout]    --> src/main.rs:555:42
[INFO] [stdout]     |
[INFO] [stdout] 555 |     assert!(latex.get((50.0, 0.0), 10.0) == vec![2, 3]);
[INFO] [stdout]     |                                          ^^ no implementation for `&{integer} == {integer}`
[INFO] [stdout]     |
[INFO] [stdout]     = help: the trait `std::cmp::PartialEq<{integer}>` is not implemented for `&{integer}`
[INFO] [stdout]     = note: required because of the requirements on the impl of `std::cmp::PartialEq<std::vec::Vec<{integer}>>` for `std::vec::Vec<&{integer}>`
[INFO] [stdout] 
[INFO] [stdout] 
[INFO] [stdout] error: aborting due to 6 previous errors; 1 warning emitted
[INFO] [stdout] 
[INFO] [stdout] 
[INFO] [stdout] For more information about this error, try `rustc --explain E0277`.
[INFO] [stdout] 
[INFO] [stderr] error: could not compile `game`.
[INFO] [stderr] 
[INFO] [stderr] To learn more, run the command again with --verbose.
[INFO] running `Command { std: "docker" "inspect" "36d96f9d942e1de4cd9126b099db61a972b0898391a4980bc890928428fc0a94", kill_on_drop: false }`
[INFO] running `Command { std: "docker" "rm" "-f" "36d96f9d942e1de4cd9126b099db61a972b0898391a4980bc890928428fc0a94", kill_on_drop: false }`
[INFO] [stdout] 36d96f9d942e1de4cd9126b099db61a972b0898391a4980bc890928428fc0a94
